
3
-c (base 13) to base 6
-20
Convert 11 (base 4) to base 7.
5
What is 4 (base 7) in base 9?
4
What is -103 (base 5) in base 3?
-1001
Convert 0 (base 4) to base 16.
0
-22 (base 10) to base 9
-24
-21 (base 5) to base 6
-15
What is 16 (base 13) in base 16?
13
What is -3 (base 14) in base 13?
-3
-3d (base 16) to base 15
-41
Convert -8 (base 12) to base 14.
-8
-102011 (base 3) to base 8
-455
What is -3 (base 16) in base 15?
-3
Convert 0 (base 4) to base 14.
0
Convert 1100 (base 2) to base 16.
c
What is -17 (base 9) in base 16?
-10
-4 (base 13) to base 10
-4
What is 11 (base 2) in base 5?
3
What is 23 (base 9) in base 16?
15
11 (base 2) to base 5
3
-8 (base 10) to base 5
-13
23 (base 8) to base 16
13
Convert b8 (base 16) to base 3.
20211
-11 (base 4) to base 14
-5
What is 21 (base 6) in base 16?
d
What is 240 (base 5) in base 13?
55
-206 (base 10) to base 13
-12b
Convert 1 (base 3) to base 13.
1
0 (base 5) to base 12
0
1000000 (base 2) to base 9
71
Convert -6 (base 9) to base 7.
-6
Convert -1 (base 9) to base 12.
-1
What is 10 (base 6) in base 2?
110
Convert -3 (base 11) to base 5.
-3
Convert 5 (base 7) to base 12.
5
What is -405 (base 6) in base 14?
-a9
-29 (base 15) to base 8
-47
-4 (base 6) to base 9
-4
-32 (base 5) to base 11
-16
Convert 11 (base 3) to base 6.
4
-4 (base 16) to base 4
-10
What is -22 (base 7) in base 13?
-13
Convert -100210 (base 3) to base 15.
-129
Convert 0 (base 11) to base 7.
0
-36 (base 9) to base 15
-23
What is -10 (base 13) in base 3?
-111
-112 (base 3) to base 2
-1110
-149 (base 13) to base 5
-1410
Convert 4 (base 15) to base 6.
4
Convert 1 (base 15) to base 10.
1
What is 140 (base 10) in base 15?
95
Convert -6 (base 13) to base 16.
-6
-2 (base 11) to base 16
-2
What is 0 (base 12) in base 6?
0
Convert 45 (base 6) to base 5.
104
26 (base 10) to base 4
122
Convert -1 (base 2) to base 4.
-1
What is 30 (base 4) in base 9?
13
Convert -1 (base 5) to base 16.
-1
What is -132 (base 9) in base 12?
-92
What is 15 (base 12) in base 4?
101
204 (base 8) to base 9
156
-125 (base 10) to base 14
-8d
-4 (base 13) to base 10
-4
8 (base 15) to base 13
8
What is -15 (base 12) in base 5?
-32
Convert 4 (base 7) to base 3.
11
What is 7 (base 16) in base 5?
12
What is 3 (base 14) in base 10?
3
10 (base 13) to base 3
111
Convert -1010 (base 2) to base 10.
-10
Convert 51 (base 8) to base 16.
29
33 (base 4) to base 5
30
What is -3 (base 16) in base 15?
-3
What is -1033 (base 5) in base 3?
-12022
What is 189 (base 12) in base 13?
162
Convert -24 (base 9) to base 8.
-26
Convert -4 (base 5) to base 15.
-4
-132 (base 4) to base 10
-30
1e (base 16) to base 9
33
What is -311 (base 5) in base 15?
-56
What is -3 (base 14) in base 9?
-3
Convert -3 (base 6) to base 3.
-10
Convert 3 (base 6) to base 2.
11
Convert 17 (base 14) to base 16.
15
What is -5 (base 13) in base 8?
-5
Convert -2c (base 16) to base 2.
-101100
-8 (base 13) to base 16
-8
Convert 250 (base 13) to base 10.
403
What is 11a (base 14) in base 9?
264
2 (base 16) to base 9
2
8b (base 13) to base 15
7a
What is -100 (base 4) in base 8?
-20
Convert 54 (base 16) to base 8.
124
What is -113 (base 6) in base 12?
-39
Convert 232 (base 4) to base 11.
42
10 (base 12) to base 15
c
What is -10 (base 8) in base 16?
-8
What is 1 (base 9) in base 8?
1
-382 (base 9) to base 8
-475
-21 (base 5) to base 3
-102
Convert -2 (base 11) to base 3.
-2
Convert -25 (base 7) to base 3.
-201
What is 332 (base 7) in base 9?
208
What is 0 (base 13) in base 7?
0
What is 3 (base 4) in base 12?
3
1 (base 13) to base 7
1
Convert -6 (base 7) to base 5.
-11
-1001 (base 2) to base 3
-100
Convert 158 (base 9) to base 2.
10000110
What is 2 (base 8) in base 13?
2
What is 51 (base 12) in base 13?
49
1 (base 9) to base 13
1
2b (base 13) to base 5
122
What is 14 (base 15) in base 6?
31
What is 310 (base 9) in base 13?
165
Convert 1000 (base 2) to base 15.
8
-4d (base 16) to base 7
-140
Convert -50 (base 12) to base 7.
-114
Convert 7 (base 16) to base 6.
11
Convert -5 (base 6) to base 15.
-5
2 (base 4) to base 9
2
Convert -10 (base 4) to base 3.
-11
1 (base 5) to base 12
1
What is -12 (base 5) in base 7?
-10
Convert 2a (base 13) to base 7.
51
Convert -32 (base 16) to base 3.
-1212
What is -8 (base 13) in base 11?
-8
Convert -1133 (base 4) to base 3.
-10112
What is 42 (base 7) in base 13?
24
What is 17 (base 8) in base 4?
33
105 (base 8) to base 6
153
-10022 (base 3) to base 7
-155
Convert 57 (base 10) to base 8.
71
17 (base 8) to base 12
13
What is 1000001 (base 2) in base 4?
1001
10 (base 10) to base 5
20
Convert -23 (base 5) to base 8.
-15
7 (base 12) to base 14
7
Convert -5 (base 15) to base 16.
-5
Convert 28 (base 15) to base 11.
35
What is -21 (base 15) in base 8?
-37
What is 5 (base 10) in base 8?
5
-10000 (base 2) to base 11
-15
What is 5 (base 9) in base 11?
5
Convert -25 (base 11) to base 16.
-1b
Convert 31 (base 9) to base 13.
22
Convert 2 (base 15) to base 9.
2
Convert -1 (base 6) to base 4.
-1
What is 10 (base 2) in base 15?
2
What is -3 (base 6) in base 5?
-3
What is -1 (base 8) in base 14?
-1
-22 (base 7) to base 11
-15
Convert 58 (base 10) to base 11.
53
Convert -202 (base 3) to base 12.
-18
What is 202 (base 4) in base 13?
28
0 (base 3) to base 7
0
What is -1123 (base 5) in base 7?
-322
Convert -3 (base 10) to base 11.
-3
What is -6 (base 10) in base 14?
-6
What is -a (base 12) in base 14?
-a
What is 0 (base 5) in base 2?
0
-4 (base 8) to base 7
-4
What is -4 (base 8) in base 9?
-4
-3 (base 15) to base 5
-3
Convert -20 (base 4) to base 2.
-1000
What is 4 (base 5) in base 15?
4
-3 (base 9) to base 10
-3
What is -97 (base 11) in base 3?
-10221
What is -3 (base 4) in base 16?
-3
Convert 102 (base 8) to base 16.
42
Convert 2122 (base 3) to base 12.
5b
-19 (base 11) to base 7
-26
Convert -4 (base 13) to base 9.
-4
-2 (base 5) to base 11
-2
-2 (base 4) to base 9
-2
65 (base 7) to base 6
115
What is 2031 (base 4) in base 12?
b9
Convert -1 (base 10) to base 6.
-1
-3 (base 7) to base 11
-3
Convert -117 (base 8) to base 6.
-211
Convert -1 (base 10) to base 11.
-1
Convert -103 (base 4) to base 12.
-17
1 (base 5) to base 11
1
11032 (base 4) to base 15
174
Convert -3 (base 11) to base 13.
-3
What is 4b (base 16) in base 7?
135
What is 9 (base 16) in base 11?
9
5 (base 6) to base 5
10
What is -15 (base 9) in base 16?
-e
Convert 2 (base 3) to base 5.
2
-402 (base 5) to base 16
-66
Convert 63 (base 10) to base 14.
47
What is -20010 (base 3) in base 15?
-b0
What is -13 (base 11) in base 6?
-22
Convert -3d (base 16) to base 7.
-115
Convert 3 (base 4) to base 10.
3
Convert a1 (base 15) to base 7.
304
Convert 1100 (base 2) to base 5.
22
Convert 14 (base 10) to base 7.
20
Convert a8 (base 14) to base 4.
2110
-3 (base 12) to base 2
-11
23 (base 10) to base 7
32
What is a (base 12) in base 16?
a
-12 (base 9) to base 2
-1011
What is 53 (base 11) in base 16?
3a
-1010100 (base 2) to base 16
-54
Convert -68 (base 11) to base 13.
-59
What is -1 (base 10) in base 6?
-1
What is 0 (base 12) in base 8?
0
9 (base 10) to base 4
21
101 (base 2) to base 13
5
What is -12 (base 8) in base 2?
-1010
What is 6 (base 12) in base 3?
20
What is 10 (base 11) in base 13?
b
-123 (base 6) to base 8
-63
Convert 32 (base 4) to base 13.
11
What is -27 (base 16) in base 7?
-54
Convert -10011110 (base 2) to base 4.
-2132
Convert 15 (base 14) to base 3.
201
24 (base 16) to base 7
51
Convert 2 (base 6) to base 3.
2
What is a1 (base 14) in base 12?
b9
What is 2120 (base 4) in base 11?
129
Convert 12 (base 9) to base 7.
14
What is -10 (base 11) in base 9?
-12
Convert -3031 (base 4) to base 3.
-21121
Convert -1202 (base 3) to base 15.
-32
What is -11000 (base 2) in base 8?
-30
-7 (base 16) to base 13
-7
Convert 6 (base 12) to base 9.
6
What is -d (base 16) in base 5?
-23
-1 (base 13) to base 12
-1
What is -231 (base 4) in base 9?
-50
-9 (base 11) to base 9
-10
What is 5 (base 13) in base 2?
101
Convert -11001111 (base 2) to base 9.
-250
What is 6 (base 9) in base 4?
12
-123 (base 12) to base 5
-1141
What is 2 (base 12) in base 11?
2
-49 (base 12) to base 13
-45
41 (base 6) to base 3
221
What is -101 (base 2) in base 8?
-5
32 (base 4) to base 5
24
What is 1 (base 7) in base 10?
1
What is -10 (base 12) in base 11?
-11
Convert -7 (base 15) to base 8.
-7
-22 (base 5) to base 